 421. Give b(7).
-29
Let r(o) = o**3 + 23*o**2 - 2*o - 32. Determine r(0).
-32
Let o(l) = -2*l**3 - 28*l**2 + 2*l - 5. Calculate o(0).
-5
Let z(f) = 13550*f - 54204. Determine z(4).
-4
Let a(h) = 7*h**2 + 48*h + 85. Determine a(-4).
5
Let k(h) = -30*h**2 + 43*h + 42. Give k(-3).
-357
Let g(z) = -3*z**3 - 3*z + 7. Give g(-2).
37
Let i(u) = -u**3 + 44*u**2 - 67*u + 2429. Give i(44).
-519
Let x(c) = -c**3 + c**2 + 13*c + 510. Calculate x(0).
510
Let v(u) = -3*u**3 - 115*u**2 + 5019*u - 35. Calculate v(26).
-9
Let r(t) = 2740*t + 2747. What is r(-1)?
7
Let s(m) = -48*m - 3. Determine s(3).
-147
Let g(l) = l**3 - 70*l**2 + 263*l + 73. What is g(66)?
7
Let i(c) = -c**2 - 22*c - 35. Calculate i(-3).
22
Let o(d) = -6*d**2 - 7*d - 7. What is o(-1)?
-6
Let w(a) = a**2 + 48*a + 1. Determine w(-48).
1
Let y(j) = 34*j - 72. Determine y(3).
30
Let z(d) = -11*d**3 + d**2 - 2*d + 4. Determine z(1).
-8
Let k(v) = -18*v**2 - 524*v + 12. What is k(-29)?
70
Let i(u) = -u**3 + 68*u**2 - 69*u - 271. What is i(67)?
-405
Let c(v) = 4*v**2 + 30*v - 46. Calculate c(-15).
404
Let q(o) = o**3 + 3*o**2 + o - 12. Give q(-4).
-32
Let m(w) = -w**3 - 16*w**2 - 27*w - 12. Give m(-13).
-168
Let o(z) = z**3 - 51*z**2 + 105*z - 341. Calculate o(49).
2
Let r(g) = g**3 + 12*g**2 + 10*g - 60. What is r(-4)?
28
Let f(y) = 252*y + 2524. Determine f(-10).
4
Let m(a) = a**2 - 67*a + 303. Calculate m(5).
-7
Let u(h) = 30*h - 475. What is u(15)?
-25
Let a(s) = 2*s**3 - 109*s**2 + 157*s + 94. Give a(53).
-12
Let h(v) = -v**3 - 3*v**2 - 22*v - 60. Determine h(-3).
6
Let p(x) = x**3 + 362*x**2 + 1766*x - 6781. Give p(-357).
2
Let s(z) = z**2 + 46*z + 373. What is s(-33)?
-56
Let w(t) = 4*t**3 - 171*t**2 + 126*t - 2. Calculate w(42).
-2
Let i(z) = z**3 + z**2 - 89*z - 69. Determine i(9).
-60
Let c(x) = 76*x + 1664. Determine c(-17).
372
Let t(s) = -3*s**3 + 16*s**2 + 36*s - 2. Calculate t(7).
5
Let x(k) = 19*k - 105. What is x(11)?
104
Let a(b) = -11*b**2 + 182*b - 101. Give a(16).
-5
Let c(x) = -x**2 + 100*x - 664. Determine c(7).
-13
Let w(u) = 2*u**3 + 12*u**2 - 3*u - 14. Calculate w(-6).
4
Let m(z) = 2*z**3 + 203*z**2 + 299*z - 274. Give m(-100).
-174
Let h(p) = 46*p - 1180. Determine h(24).
-76
Let c(z) = -13*z - 707. Calculate c(-42).
-161
Let s(v) = 138*v + 69. Determine s(3).
483
Let n(b) = -2*b**3 + 42*b**2 - 42*b + 1. Give n(19).
647
Let i(p) = -p**2 - 8*p + 84. Calculate i(6).
0
Let q(c) = c**3 + 19*c**2 - 95*c - 73. What is q(-23)?
-4
Let u(c) = -9913*c - 29758. Determine u(-3).
-19
Let h(o) = -40*o - 136. Calculate h(-4).
24
Let t(l) = -6*l - 2. Determine t(3).
-20
Let f(s) = -s**3 + 83*s**2 - 9*s + 611. Give f(83).
-136
Let g(b) = -2*b - 16. Determine g(-11).
6
Let j(o) = -2*o**2 + 88*o - 694. Give j(8).
-118
Let h(i) = -i**2 + 13*i + 293. Give h(-12).
-7
Let a(j) = -4*j**2 + 212*j + 13. Determine a(53).
13
Let j(d) = -d**2 - 8*d + 120. Calculate j(7).
15
Let j(h) = 12*h**3 - 2*h**2 - 25*h - 1. What is j(3)?
230
Let b(t) = -2*t**3 - 31*t**2 + 10*t - 35. Give b(-16).
61
Let l(m) = -m**3 + 84*m**2 - 82*m - 72. What is l(83)?
11
Let b(q) = 4*q**2 - 230*q - 3068. What is b(-11)?
-54
Let q(l) = -2*l**3 + 58*l**2 + 208*l - 4459. What is q(30)?
-19
Let v(a) = -45*a - 416. Give v(-6).
-146
Let q(p) = -3*p**2 - 98*p + 2020. Determine q(-47).
-1
Let m(x) = -15*x + 186. What is m(8)?
66
Let w(o) = -4*o**3 - 13*o**2 - 178*o - 915. Give w(-5).
150
Let v(j) = -j**2 + 12*j + 2513. Give v(-40).
433
Let w(f) = -2*f**3 - 24*f**2 - 77*f - 25. What is w(-6)?
5
Let w(b) = -2088*b - 9. Give w(0).
-9
Let l(y) = -5*y - 173. What is l(-40)?
27
Let s(d) = 183*d**2 + 46479*d - 766. What is s(-254)?
-4
Let o(n) = 5*n**2 + 489*n - 1980. Calculate o(4).
56
Let v(k) = -k**3 + 90*k**2 - 61*k - 2484. What is v(89)?
8
Let c(m) = -m**3 + 9*m**2 + 21*m - 4. Determine c(-2).
-2
Let h(a) = a**2 + 18*a - 9. What is h(-16)?
-41
Let p(f) = -41*f**2 - 4*f - 33. Give p(-3).
-390
Let p(i) = -65*i - 52. Calculate p(2).
-182
Let u(h) = 4*h**2 - 98*h - 540. What is u(-5)?
50
Let r(z) = -z**3 - 11*z**2 - 32*z - 11. Determine r(-6).
1
Let s(r) = -4*r**2 - 87*r + 78. Calculate s(-23).
-37
Let d(x) = -x**3 - 5*x**2 + 582*x - 327. What is d(-27)?
-3
Let p(j) = j**3 - 3*j**2 + 33*j - 307. Give p(6).
-1
Let x(d) = -8*d**3 - 560*d**2 + 563*d - 337. Give x(-71).
18
Let q(y) = -568*y - 6834. Determine q(-12).
-18
Let n(s) = -2*s**2 - 1. Give n(-1).
-3
Let u(l) = 6*l**2 + 46*l + 33. Give u(-8).
49
Let w(p) = -89*p + 2168. Calculate w(26).
-146
Let m(n) = n**2 + 5*n + 50. Calculate m(0).
50
Let b(q) = -20*q + 2609. Give b(130).
9
Let s(l) = 2104*l - 12623. What is s(6)?
1
Let t(m) = 2*m**2 + 248*m + 4231. Determine t(-103).
-95
Let q(d) = 150*d - 1272. Give q(8).
-72
Let w(c) = 1946*c + 1938. Give w(-1).
-8
Let i(h) = 38*h**2 + 184*h + 18. Calculate i(-5).
48
Let k(d) = 13*d**2 - 28*d + 8. Calculate k(2).
4
Let u(k) = k**3 - 40*k**2 - 33*k - 364. Calculate u(41).
-36
Let h(g) = -29*g**2 - 78*g - 33. What is h(-2)?
7
Let g(k) = 3879*k - 19411. Give g(5).
-16
Let c(f) = -f**3 - 11*f**2 - 38*f - 34. What is c(-8)?
78
Let j(g) = 3*g**3 + 96*g**2 + 174*g - 203. What is j(-30)?
-23
Let y(n) = 452*n + 76871. Calculate y(-170).
31
Let b(s) = -2*s**3 + 24*s**2 - 16*s - 34. What is b(11)?
32
Let z(d) = -135*d - 80. Calculate z(1).
-215
Let p(g) = -g**3 - 29*g**2 + 169*g - 35. What is p(-34)?
-1
Let c(v) = -5*v**2 - 12*v + 19. Determine c(-3).
10
Let q(v) = -13*v**2 + 2*v - 64. Determine q(0).
-64
Let s(p) = -p**2 + 29*p - 107. Give s(16).
101
Let u(a) = 2*a**3 + 18*a**2 - 6*a + 52. Give u(-9).
106
Let r(s) = -s**2 + 47*s + 271. Give r(52).
11
Let h(l) = -24*l - 1294. Give h(-27).
-646
Let p(z) = -168*z + 11080. What is p(66)?
-8
Let z(l) = -24*l**2 - 637*l + 298. Determine z(-27).
1
Let u(t) = -78*t + 5622. Give u(72).
6
Let o(v) = 6*v**2 - 62*v - 1. Calculate o(11).
43
Let j(w) = w**3 + 35*w**2 - 230*w + 649. What is j(-41)?
-7
Let a(z) = 13*z**2 - 543*z + 2400. Give a(5).
10
Let r(o) = -o**3 - 2*o**2 + 10*o - 46. Give r(-5).
-21
Let b(u) = 2*u**2 + 39*u + 85. Calculate b(-13).
-84
Let t(u) = u**2 + 28*u + 129. Determine t(-25).
54
Let s(o) = 127*o + 892. Determine s(-5).
257
Let f(s) = s**3 - 2*s**2 - 17*s + 35. Give f(-5).
-55
Let d(g) = 5*g**2 - 72*g - 26. What is d(12)?
-170
Let t(s) = -2*s**2 - 42*s + 112. Determine t(3).
-32
Let a(f) = 6*f**2 + 26*f + 20. Calculate a(-6).
80
Let g(h) = h**3 + 27*h**2 - 33*h - 158. Give g(-28).
-18
Let y(x) = x**3 - 19*x**2 + 25*x + 273. Calculate y(17).
120
Let g(y) = 18*y + 706. Calculate g(-40).
-14
Let m(l) = l**3 + 7*l**2 - 85*l + 4. Determine m(6).
-38
Let d(y) = -7*y + 370. Calculate d(51).
13
Let t(i) = 44*i + 17. Calculate t(-1).
-27
Let j(p) = 24*p**2 + 6*p - 10. Calculate j(2).
98
Let x(h) = -454*h - 2345. Calculate x(-6).
379
Let h(g) = 14*g + 498. Determine h(33).
960
Let o(q) = -233*q + 1. Determine o(1).
-232
Let n(y) = 2127*y - 36151. What is n(17)?
8
Let y(i) = -i**3 - i**2 + 35*i - 16. Give y(-6).
-46
Let j(x) = x**2 + 17*x + 27. Determine j(-10).
-43
Let n(p) = -311*p - 4720. Give n(-16).
256
Let v(t) = -t**3 + 5*t**2 + 322*t - 1306. What is v(4)?
-2
Let r(v) = -37*v + 1098. What is r(30)?
-12
Let z(a) = -48*a + 408. Determine z(12).
-168
Let q(m) = -m**2 + 17*m - 14. What is q(17)?
-14
Let v(c) = c**2 + 33*c + 83. What is v(-32)?
51
Let a(u) = -258*u + 1560. Determine a(6).
12
Let z(d) = 2*d**3 + 18*d**2 + 6*d - 104. Calculate z(-6).
76
Let g(x) = -171*x + 1379. Calculate g(8).
11
Let q(h) = 6*h + 78. What is q(0)?
78
Let g(z) = z**3 - 93*z**2 - 285*z + 9011. Determine g(95).
-14
Let m(q) = q**3 - 21*q**2 - 44*q - 34. Determine m(23).
12
Let p(m) = -299*m + 607. Determine p(2).
9
Let l(h) = 19*h**2 - 342*h - 13. Calculate l(18).
-13
Let x(a) = -181*a - 592. Determine x(-6).
494
Let c(t) = -1581*t + 28459. Give c(18).
1
Let x(b) = 2*b**2 - b + 25. Give x(0).
25
Let b(m) = m**3 - 2*m**2 + 26*m + 150. What is b(-5)?
-155
Let k(p) = -3*p**2 - 112*p - 27. Calculate k(-37).
10
Let w(i) = -i**2 + 23*i - 248. Calculate w(23).
-248
Let c(v) = -122*v + 36. What is c(1)?
-86
Let k(m) = 2*m**3 - 35*m**2 + 15*m + 8. Give k(17).
-26
Let a(h) = h**3 + 8*h - 101. Determine a(0).
-101
Let v(y) = -5*y**3 - 254*y**2 + 1392*y - 5. What is v(5)?
-20
Let o(l) = -l**3 + 8*l**2 - 18*l - 50. Calculate o(-5)